j be 3*(-16)/36*-3. Calculate the remainder when 11 + (j - a)*-2 is divided by 8.
5
Let d be (-2)/8 - ((-53469)/52)/9. Suppose -3*c + d = -288. Calculate the remainder when c is divided by 20.
14
Let g = 13 + -9. Suppose g*t - 22 = 50. Let f = -511 + 561. Calculate the remainder when f is divided by t.
14
Let m(b) = -6*b**2 - 81*b + 15. Let o be m(-14). Let r(l) = -2*l**2 - 61*l + 25. What is the remainder when r(o) is divided by 24?
22
Let a = -70 + 83. Suppose a*q + 3*q = 80. Suppose 5*m - 462 = -4*y + 115, 3*y - q*m = 424. What is the remainder when y is divided by 48?
47
Suppose -5*u + y = 70, 0 = -3*y + 8*y. Let a = u - -145. Suppose a*m + 507 = 134*m. Calculate the remainder when m is divided by 34.
33
Suppose b - 96 = -2*b. Let a(x) = x**3 + 14*x**2 - 32. Let j be a(-13). Suppose -3*n = 3, 0 = -3*w - 4*n + 48 + j. What is the remainder when w is divided by b?
31
Suppose -3*a = 193 + 137. Let m = a - -124. Calculate the remainder when 109 is divided by m.
11
Let h be (-304 - 4)*11/((-11)/3). Let o = h - 695. What is the remainder when o is divided by 34?
25
Suppose -5*p = 4*i + 4369, -4*p + 6*p + 5440 = -5*i. Calculate the remainder when (-6)/(-2) + (-236)/(-1) is divided by 4/(-12) - i/18.
59
Suppose 2716 = 12*o + 964. Let w = o - 132. Calculate the remainder when 110 is divided by w.
12
Suppose -28*m - 895 = -8*m - 2695. What is the remainder when 769 is divided by m?
49
Calculate the remainder when 3392 is divided by (14/3 + 1)/(4/36).
26
Suppose 64 = 3*y - 5. Suppose 3*l = 8*l - 25, f - 2*l - 72 = 0. Suppose -f + y = -h. What is the remainder when h is divided by 20?
19
Suppose 6*h + 55*o - 388 = 57*o, 2*h + 4*o - 134 = 0. Calculate the remainder when 1816 is divided by h.
61
Let r(p) = 4*p - 10 + p - 25*p. Calculate the remainder when 175 is divided by r(-2).
25
Let o(i) = -22*i - 46. Let q be o(-7). Calculate the remainder when 89 is divided by (6/18)/(2/q).
17
Let t(m) = 35*m**2 + 3*m + 1. Suppose 72 = -3*f + 6*f. Suppose -8*r - f = -10*r. What is the remainder when t(-1) is divided by r?
9
Suppose 5*b = 125 + 40. Suppose 7*d - 4*d = b. Calculate the remainder when 21 is divided by d/(-44) - 66/(-8).
5
Suppose -9*u = -0*u - 1296. Let n = u - 119. Suppose 3*g + 2*m - 21 - 14 = 0, -21 = -g - 3*m. Calculate the remainder when n is divided by g.
7
Suppose -j - 7*j - 3*j = 0. Suppose -17 = -5*u - d - 2*d, -u + 3*d + 7 = j. What is the remainder when 9 is divided by u?
1
Let c be 1/1*(484 + -15). Suppose -1148 = -c*b + 465*b. Calculate the remainder when b is divided by 58.
55
Calculate the remainder when (-2)/(-9) + (-53 + 37 - 46731/(-27)) is divided by 844.
27
Let p be (-9 + 14)*438/10. Let o = -189 + p. Calculate the remainder when 147 is divided by o.
27
Let v = -35 + 116. Suppose 5*c - 4 = v. Let h = 349 + -266. Calculate the remainder when h is divided by c.
15
Let h be 2/9 - 215/(-45). Suppose -5*r + 15 = h. Suppose -2*g = 4*f - 8, -r*g + f - 4*f = -12. Calculate the remainder when 58 is divided by g.
10
Let q(b) = b**2 + 10*b + 16. Let l be q(-9). Let o(i) = 6 - 6*i + 0 + l*i. Calculate the remainder when 16 is divided by o(7).
3
Suppose 22*g = 61*g + 5*g - 2068. Suppose -5*q + 4*k = -361, 3*k = -4*q - k + 260. Calculate the remainder when q is divided by g.
22
Let y(m) = 2*m**2 + 5*m - 7. Let v be y(-4). Suppose -v*w = -33 - 12. Suppose 2*p + 3 = 9. What is the remainder when w is divided by p?
0
Suppose 2*n + 0*n - 2 = 0. Let g be (105/7)/(5/6). Suppose g*l = 4*l + 14. What is the remainder when n is divided by l?
0
Suppose -4*g + 2852 = -337*k + 341*k, -4*g = k - 2879. Calculate the remainder when g is divided by 20.
2
Let v = 5674 - 5536. Calculate the remainder when v is divided by 54.
30
Let p = -261 + 649. Calculate the remainder when 1165 is divided by p.
1
Let o be (2/6 + (-39)/9)/(-2). Suppose -34 + 6 = -o*p. Let u(h) = h**3 - 14*h**2 + 4*h - 21. What is the remainder when 174 is divided by u(p)?
34
Let r = -11580 - -11880. Calculate the remainder when r is divided by 24.
12
Suppose -10*u = -13*u + 18, 3*n - 3*u - 8667 = 0. What is the remainder when n is divided by 46?
43
Let k(s) = 26*s - 51. Let g(p) = 27*p - 53. Let x(b) = 6*g(b) - 5*k(b). What is the remainder when x(5) is divided by 27?
16
Suppose h = 4*k - 1537, 131 + 242 = k - 4*h. Calculate the remainder when 1540 is divided by k.
0
Let g(s) = 757*s**2 - 40*s + 1. What is the remainder when g(1) is divided by 351?
16
Suppose 20*c - 34 - 46 = 0. Suppose -2*u - 2*v = -174, 11*u = 13*u - c*v - 162. What is the remainder when u is divided by 43?
42
Suppose 14 = -2*u + 106. Let z(a) be the first derivative of -a**4/4 + a**3/3 + 17*a**2/2 - 2*a - 46. Calculate the remainder when u is divided by z(-4).
6
What is the remainder when 429 is divided by (-6)/(-8) - 27018/(-456)?
9
Suppose -3*i - 2 = -35. Let u(v) = -5*v - 111. Let d(m) = m + 22. Let f(l) = i*d(l) + 2*u(l). Calculate the remainder when 93 is divided by f(-8).
9
Let m(r) = 2*r**2 + 7*r - 5. What is the remainder when 66 is divided by m(2)?
15
Let c(x) = -x**2 - 8*x + 12. Let s = -27 - -68. Let j = 36 - s. What is the remainder when 107 is divided by c(j)?
26
Let v(z) = -2315*z**2 - 5*z + 2. Let g be v(2). Let d be (-4)/(-22) + g/154. Calculate the remainder when (-64)/(-3) + d/45 is divided by 6.
2
Let l = 2127 - 1778. What is the remainder when l is divided by 26?
11
Let b(l) = l**3 + 9*l**2 - l + 9. Let o(c) = -c**2. Let g(j) = b(j) + 5*o(j). Suppose -55*r - 156 = -16*r. Calculate the remainder when g(r) is divided by 5.
3
Let z = 83 + -84. Calculate the remainder when 24/(-10)*(-110)/4 is divided by z/(-2) - (-16)/((-192)/(-198)).
15
Let z be (-2)/3 - (-15)/9. Suppose 69 = 2*b - 3*o, 3*o + 8 = -z. Calculate the remainder when b is divided by 13.
4
Suppose 5*w - 3 = 2, -5*n - 156 = 4*w. Let z(x) = -x**3 + 18*x - 24. Let d be z(-12). What is the remainder when d/n*4/(-3) is divided by 33?
29
Let s = 919 + -775. What is the remainder when s is divided by 68?
8
Let f(d) = d**3 - 15*d**2 + 8*d - 9. Let g be f(15). Let x = 134 - g. What is the remainder when 64 is divided by x?
18
Suppose -32*o + 17*o + 300 = 0. Suppose 0 = v - 2*p - o, -2*v + 60 = -0*p + p. Calculate the remainder when v is divided by 15.
13
Let b = -216 - -398. Let m = b + -121. What is the remainder when m is divided by 19?
4
Let r(h) = h**3 + 45*h**2 + 69*h - 55. What is the remainder when 2058 is divided by r(-43)?
30
Let j = 654 - 651. Suppose -j*v + 11 = q, -2*q - 5*v - 27 = -6*q. Calculate the remainder when (-1246)/(-18) + (-2)/9 is divided by q.
5
Let m(t) = 4*t**2 - 5*t - 13. Suppose -66*l = -59*l + 14. What is the remainder when (2*-1)/((-4)/102) is divided by m(l)?
12
Suppose 0 = 2*g + 4*l - 26652, -4*g - l + 11438 = -41894. What is the remainder when g is divided by 247?
243
Suppose -12 = 5*k + 2*k - 208. What is the remainder when 180 is divided by k?
12
Suppose -y = -6*b + 2*b - 11, 0 = 3*y + 3*b - 78. Let c = 5 + y. What is the remainder when 81 is divided by c?
25
Suppose -193*p + 229 = 2*w - 194*p, 0 = -5*w - 2*p + 595. Calculate the remainder when 400 is divided by w.
49
Suppose f + 9 = b + 1, 4*b - 3*f = 27. Suppose 2*n - 4*o - 35 = 5*n, -10 = -n + b*o. What is the remainder when 68 is divided by 0 - 46/(n/((-10)/(-4)))?
22
Suppose -18 - 20 = -2*z. Let f = -71383 - -71512. What is the remainder when f is divided by z?
15
Calculate the remainder when 26/(-91) - (-3 + 0 - (-1644)/(-21)) is divided by 14.
11
What is the remainder when (-2 - 80/(-45)) + 7994/9 + -1 is divided by 56?
47
Suppose 0 = 3*u - 168 - 42. Suppose 14*x = 4*x + u. Let t(b) = -b**3 + 7*b**2 + 5*b - 5. Calculate the remainder when 89 is divided by t(x).
29
Suppose -x + 220 = 3*x. Suppose -5*d + x + 45 = 0. What is the remainder when (287/(-14) - 9)/(-12 + 23/2) is divided by d?
19
Let s be -1 - 2 - (3 - 25/5). Let w = 27 - s. What is the remainder when 139 is divided by w?
27
Calculate the remainder when 308 is divided by (19 - 666/36)/(((-9)/(-402))/3).
40
Suppose -20043*a - 10642 = -20045*a. Calculate the remainder when a is divided by 148.
141
Suppose 5*u = -5*x + 13140, 3*u + 115*x - 7876 = 113*x. Calculate the remainder when 2623 is divided by u.
3
Let s = -842 + 1301. Let v = s - 362. What is the remainder when v is divided by 42?
13
Let n(q) =